64?
True
Does 11 divide 15521?
True
Does 20 divide 1260?
True
Does 5 divide 18202?
False
Does 19 divide 4351?
True
Is 150 a factor of 45451?
False
Is 1161 a multiple of 9?
True
Is 2831 a multiple of 49?
False
Is 18 a factor of 20609?
False
Does 146 divide 11649?
False
Does 178 divide 9968?
True
Does 22 divide 130?
False
Is 62 a factor of 620?
True
Is 6071 a multiple of 3?
False
Does 8 divide 11471?
False
Does 30 divide 7419?
False
Is 127 a factor of 13081?
True
Does 38 divide 2052?
True
Does 50 divide 500?
True
Is 98 a factor of 13426?
True
Is 24370 a multiple of 18?
False
Is 18 a factor of 162?
True
Is 1200 a multiple of 100?
True
Is 1285 a multiple of 74?
False
Is 3 a factor of 199?
False
Does 49 divide 49?
True
Is 33 a factor of 33957?
True
Is 247 a factor of 27664?
True
Does 39 divide 22737?
True
Is 313 a multiple of 3?
False
Is 130 a multiple of 10?
True
Is 4044 a multiple of 12?
True
Is 1000 a multiple of 14?
False
Is 1279 a multiple of 68?
False
Does 39 divide 624?
True
Does 57 divide 19893?
True
Is 80 a factor of 1200?
True
Does 20 divide 800?
True
Is 12 a factor of 1404?
True
Is 4 a factor of 411?
False
Is 704 a multiple of 32?
True
Is 64 a factor of 448?
True
Is 12672 a multiple of 16?
True
Is 45 a factor of 720?
True
Does 3 divide 129?
True
Is 29223 a multiple of 9?
True
Is 9922 a multiple of 34?
False
Does 33 divide 1855?
False
Does 35 divide 66?
False
Does 43 divide 2537?
True
Is 576 a multiple of 24?
True
Does 21 divide 336?
True
Is 52 a factor of 11551?
False
Is 14062 a multiple of 89?
True
Does 9 divide 1222?
False
Is 18185 a multiple of 15?
False
Is 26 a factor of 3640?
True
Does 18 divide 15696?
True
Is 538 a multiple of 2?
True
Does 116 divide 26280?
False
Does 11 divide 143?
True
Does 13 divide 2145?
True
Is 1750 a multiple of 7?
True
Does 4 divide 242?
False
Is 102 a factor of 40290?
True
Is 10 a factor of 18140?
True
Does 15 divide 3075?
True
Is 28 a factor of 1370?
False
Is 15 a factor of 1663?
False
Is 985 a multiple of 3?
False
Is 630 a multiple of 18?
True
Does 46 divide 75?
False
Is 28584 a multiple of 8?
True
Does 32 divide 7808?
True
Is 10 a factor of 575?
False
Is 46 a factor of 1803?
False
Is 897 a multiple of 14?
False
Does 4 divide 2493?
False
Is 3545 a multiple of 8?
False
Is 10 a factor of 2246?
False
Is 36 a factor of 3711?
False
Does 44 divide 799?
False
Does 14 divide 60806?
False
Is 22305 a multiple of 164?
False
Is 35 a factor of 17088?
False
Does 3 divide 33?
True
Is 105 a multiple of 35?
True
Is 10803 a multiple of 3?
True
Does 72 divide 18792?
True
Does 52 divide 727?
False
Does 15 divide 157?
False
Does 87 divide 15256?
False
Is 37 a factor of 1342?
False
Is 15 a factor of 810?
True
Is 43 a multiple of 7?
False
Is 4 a factor of 2755?
False
Does 17 divide 9027?
True
Does 47 divide 18335?
False
Is 57 a factor of 41325?
True
Is 33 a factor of 458?
False
Is 30 a factor of 282?
False
Is 531 a multiple of 18?
False
Is 424 a multiple of 8?
True
Is 1536 a multiple of 24?
True
Is 420 a multiple of 3?
True
Is 624 a multiple of 13?
True
Is 3480 a multiple of 40?
True
Is 920 a multiple of 5?
True
Is 23952 a multiple of 94?
False
Does 7 divide 91?
True
Is 8 a factor of 472?
True
Does 17 divide 923?
False
Is 46 a factor of 5750?
True
Is 52 a factor of 28028?
True
Does 56 divide 2576?
True
Is 22 a factor of 550?
True
Does 56 divide 1064?
True
Is 2 a factor of 26?
True
Is 1733 a multiple of 16?
False
Is 1425 a multiple of 25?
True
Is 17109 a multiple of 144?
False
Is 666 a multiple of 16?
False
Does 27 divide 214?
False
Does 28 divide 644?
True
Is 162 a multiple of 23?
False
Does 200 divide 17920?
False
Is 240 a multiple of 60?
True
Does 98 divide 5916?
False
Is 33 a factor of 1386?
True
Is 47 a factor of 6439?
True
Does 30 divide 2430?
True
Is 5 a factor of 1483?
False
Does 55 divide 2420?
True
Is 67 a factor of 402?
True
Does 19 divide 17499?
True
Does 4 divide 24?
True
Does 26 divide 760?
False
Is 2524 a multiple of 6?
False
Is 17 a factor of 26385?
False
Is 3 a factor of 1692?
True
Does 89 divide 493?
False
Is 3 a factor of 6777?
True
Does 89 divide 6426?
False
Is 12484 a multiple of 6?
False
Is 4018 a multiple of 60?
False
Does 51 divide 153?
True
Does 14 divide 99205?
False
Is 1025 a multiple of 25?
True
Does 15 divide 6588?
False
Is 31 a factor of 2294?
True
Does 36 divide 518?
False
Is 2010 a multiple of 109?
False
Is 355 a multiple of 25?
False
Does 163 divide 26569?
True
Is 8 a factor of 2800?
True
Does 10 divide 17310?
True
Is 40 a factor of 760?
True
Is 135 a factor of 7973?
False
Is 48 a factor of 10276?
False
Does 66 divide 2046?
True
Is 16 a factor of 19712?
True
Does 15 divide 1499?
False
Is 29 a factor of 232?
True
Is 666 a multiple of 24?
False
Does 118 divide 11294?
False
Does 38 divide 2850?
True
Is 11778 a multiple of 76?
False
Does 116 divide 38652?
False
Is 13484 a multiple of 157?
False
Is 3038 a multiple of 62?
True
Does 15 divide 27077?
False
Is 2934 a multiple of 9?
True
Does 10 divide 1080?
True
Is 41 a factor of 3977?
True
Is 1282 a multiple of 11?
False
Is 396 even?
True
Does 9 divide 14841?
True
Does 30 divide 17796?
False
Is 13 a factor of 117?
True
Is 19 a factor of 931?
True
Does 63 divide 37329?
False
Does 15 divide 2267?
False
Is 5 a factor of 9262?
False
Is 4505 a multiple of 53?
True
Is 44 a multiple of 22?
True
Is 8800 a multiple of 20?
True
Is 3192 a multiple of 133?
True
Is 3 a factor of 1470?
True
Does 24 divide 4220?
False
Is 140 a factor of 7980?
True
Does 9 divide 4731?
False
Is 23 a factor of 28175?
True
Is 24 a factor of 1271?
False
Is 8 a factor of 1015?
False
Does 34 divide 24718?
True
Is 6 a factor of 72?
True
Is 91 a factor of 162?
False
Is 4224 a multiple of 18?
False
Is 1505 a multiple of 35?
True
Is 33084 a multiple of 18?
True
Is 18 a factor of 13336?
False
Is 2128 a multiple of 28?
True
Is 1018 even?
True
Is 41076 a multiple of 14?
True
Is 19375 a multiple of 205?
False
Is 45 a factor of 1680?
False
Does 239 divide 39913?
True
Is 78864 a multiple of 48?
True
Is 1670 a multiple of 11?
False
Is 16 a factor of 16672?
True
Is 97 a factor of 1290?
False
Is 52571 a multiple of 155?
False
Is 138 a multiple of 3?
True
Does 210 divide 42420?
True
Is 9 a factor of 9369?
True
Does 19 divide 1318?
False
Is 454 a multiple of 115?
False
Is 1131 a multiple of 29?
True
Is 4 a factor of 2655?
False
Does 55 divide 20109?
False
Is 3708 a multiple of 36?
True
Is 29 a factor of 87?
True
Is 3 a factor of 906?
True
Is 64 a factor of 1076?
False
Is 11880 a multiple of 108?
True
Is 7 a factor of 652?
False
Does 25 divide 2075?
True
Is 22 a factor of 1894?
False
Does 24 divide 175?
False
Is 9 a factor of 1711?
False
Does 13 divide 975?
True
Is 368 a multiple of 8?
True
Is 624 a multiple of 12?
True
Does 3 divide 629?
False
Is 44 a factor of 523?
False
Does 30 divide 840?
True
Does 10 divide 1200?
True
Does 39 divide 18408?
True
Does 23 divide 3634?
True
Does 44 divide 3388?
True
Is 16 a factor of 29275?
False
Is 547 a multiple of 66?
False
Does 43 divide 258?
True
Is 1066 a multiple of 13?
True
Does 3 divide 1659?
True
Is 10 a factor of 1000?
True
Does 14 divide 87?
False
Does 107 divide 19581?
True
Does 99 divide 82962?
True
Does 47 divide 33684?
False
Does 8 divide 1306?
False
Is 93525 a multiple of 9?
False
Does 12 divide 8170?
False
Is 219 a factor of 54750?
True
Is 688 a multiple of 16?
True
Does 17 divide 3403?
False
Is 3176 a multiple of 8?
True
Does 29 divide 1044?
True
Is 38 a factor of 722?
True
Is 15620 a multiple of 44?
True
Does 5 divide 120?
True
Is 2610 a multiple of 45?
True
Does 27 divide 607?
False
Is 3130 a multiple of 10?
True
Is 20 a factor of 4620?
True
Is 3240 a multiple of 32?
False
Is 1920 a multiple of 4?
True
Is 150 a multiple of 10?
True
Does 62 divide 12849?
False
Is 470 a multiple of 10?
True
Is 114 a factor of 12771?
False
Does 36 divide 72?
True
Is 98 a factor of 65366?
True
Is 4 a factor of 6703?
False
Is 33 a factor of 3776?
False
Is 449 a multiple of 14?
False
Is 17 a factor of 799?
True
Is 780 a multiple of 30?
True
Is 2278 a multiple of 67?
True
Is 14 a factor of 209?
False
Is 4654 a multiple of 13?
True
Is 68 a factor of 3049?
False
Is 66680 a multiple of 20?
True
Is 441 a multiple of 49?
True
Is 32 a factor of 1952?
True
Is 6 a factor of 4668?